s -aa6d05 (base 14) in base 7?
-100066305
-1492a72 (base 11) to base 6
-130404233
What is 1031041 (base 7) in base 15?
27184
7a734 (base 15) to base 5
44432444
What is 504123402 (base 6) in base 12?
2a66562
What is -1215120 (base 6) in base 14?
-197a8
406ac6 (base 13) to base 9
2735805
What is -24100205 (base 8) in base 11?
-2a83855
Convert -484a8 (base 15) to base 14.
-60046
Convert 574a2 (base 11) to base 14.
22410
What is -15a924 (base 12) in base 15?
-74e61
Convert -689c15 (base 13) to base 16.
-25cff1
What is 2302112021 (base 4) in base 5?
141334010
What is 130826a (base 11) in base 15?
2eb4a5
Convert -55260 (base 16) to base 4.
-1111021200
What is 2221202020 (base 3) in base 4?
32030121
Convert -2110222 (base 6) to base 9.
-165505
90ef1 (base 16) to base 2
10010000111011110001
Convert 340906 (base 12) to base 4.
3022310112
Convert 32010221 (base 4) to base 14.
17013
Convert -585d2a (base 14) to base 11.
-1778588
Convert -1011001101101110100110 (base 2) to base 6.
-143002130
28d1c5 (base 14) to base 5
330402032
110011010110001111000 (base 2) to base 15
233802
What is 49456 (base 12) in base 14?
281b4
What is 192094 (base 15) in base 11?
765029
-23222232 (base 4) to base 7
-256221
Convert -11022001122 (base 3) to base 16.
-14a80
What is -211100120212 (base 3) in base 11?
-280654
What is 32013200123 (base 4) in base 8?
16074033
Convert -72804 (base 10) to base 6.
-1321020
43341 (base 13) to base 5
12341040
9acd3 (base 14) to base 8
1335651
What is -245ba (base 16) in base 10?
-148922
What is 210002232131 (base 4) in base 11?
5373759
-14a4b28 (base 12) to base 4
-100000231100
86060 (base 13) to base 12
b7a98
-a35635 (base 12) to base 3
-11211001202112
What is -114220120 (base 5) in base 8?
-2034241
Convert 242831 (base 9) to base 11.
a0060
What is -20012121200 (base 3) in base 15?
-26313
What is 1833a8 (base 12) in base 11?
2679a0
What is -347452 (base 11) in base 16?
-86a97
Convert 79c274 (base 13) to base 3.
12102110120222
-1736290 (base 12) to base 13
-cc11ca
-17dbe (base 16) to base 9
-158044
361d3 (base 15) to base 3
22202200200
What is -1402443314 (base 5) in base 11?
-2013486
What is 5a9978 (base 11) in base 9?
1730430
-48143 (base 13) to base 5
-13211134
What is 117304 (base 14) in base 15?
bb910
Convert 3996e (base 16) to base 10.
235886
1a56ba (base 12) to base 7
3650062
What is 916745 (base 11) in base 10?
1472982
Convert 1102455 (base 6) to base 2.
1101011100000011
Convert 30241214 (base 5) to base 10.
243309
What is -431565 (base 11) in base 16?
-a87d6
-103637 (base 14) to base 3
-1000210201200
What is 12544020 (base 6) in base 11?
266211
What is 101001111100111101000110 (base 2) in base 5?
10303410244
Convert -33698c3 (base 13) to base 5.
-13020140311
331210 (base 7) to base 2
1110001011011000
-3515433 (base 7) to base 16
-6bbe6
21402530 (base 8) to base 13
c48925
What is 388625 (base 12) in base 14?
1a1c17
Convert -5254222 (base 7) to base 6.
-21341234
-16573183 (base 9) to base 15
-ae3b20
What is -111001010111000101 (base 2) in base 6?
-5011421
Convert 331435 (base 8) to base 7.
642515
-a6887 (base 16) to base 7
-5540454
333032223 (base 4) to base 11
167643
What is 1550315 (base 6) in base 14?
25811
What is 201210122010 (base 3) in base 2?
1011111001001110100
What is 1d74b6 (base 14) in base 16?
102268
-2545125 (base 6) to base 10
-138509
What is -430041 (base 7) in base 3?
-10210010210
What is 2230031022 (base 4) in base 3?
1022211120020
What is -1d3f4 (base 16) in base 9?
-202286
Convert 1052150531 (base 6) to base 3.
210210120211101
212331013010 (base 4) to base 16
9bd1c4
What is 23110311 (base 4) in base 7?
252150
-3b3ff (base 16) to base 7
-2030354
304003444 (base 5) to base 7
13332134
Convert 211012022303 (base 4) to base 2.
100101000110001010110011
What is -15683a (base 11) in base 16?
-3b635
-1100110010001000010 (base 2) to base 12
-1824aa
-2355700 (base 9) to base 7
-13566111
What is 586ab4 (base 16) in base 6?
324110152
Convert -4a3670 (base 13) to base 16.
-1b232e
114625315 (base 7) to base 8
33254772
What is -24554140 (base 6) in base 16?
-c18cc
Convert 1ae60 (base 16) to base 5.
12011201
What is -2321431 (base 5) in base 4?
-22102010
Convert 100101010111101111 (base 2) to base 5.
14344241
111111110200 (base 3) to base 9
444420
What is 111201221200 (base 3) in base 2?
1000010000001010111
Convert -30113004 (base 8) to base 5.
-3110023420
-11012113313 (base 4) to base 10
-1336823
Convert 4aa7920 (base 11) to base 9.
17583754
Convert -148027 (base 9) to base 8.
-262016
Convert -11448b0 (base 13) to base 4.
-110103132011
1e5716 (base 16) to base 6
110341234
Convert c843ba (base 14) to base 6.
401100120
Convert -5012 (base 8) to base 9.
-3465
What is -69878 (base 11) in base 3?
-12010101020
What is 133119 (base 10) in base 13?
4878c
-8c13b2 (base 13) to base 9
-6213531
-53372 (base 13) to base 5
-14244441
Convert -1401002 (base 6) to base 9.
-127862
What is e9d88 (base 16) in base 6?
32310224
What is b72860 (base 12) in base 14?
552172
What is -2a703 (base 15) in base 11?
-93682
-49498 (base 12) to base 5
-11133223
Convert 2a7be9 (base 16) to base 8.
12475751
Convert -2095b (base 12) to base 5.
-2332324
2a46140 (base 13) to base 8
63363663
-3400001 (base 5) to base 16
-e7f0
Convert -1900547 (base 10) to base 11.
-1088a00
-101021110010 (base 3) to base 4
-301120110
Convert -26245626 (base 7) to base 13.
-65c790
What is -53596 (base 15) in base 11?
-17080a
-3031331310 (base 4) to base 14
-17d63a
Convert -89b57 (base 16) to base 13.
-16997b
What is 100100232 (base 4) in base 15?
14b06
Convert 11b3b68 (base 12) to base 14.
6646c0
462480 (base 10) to base 8
1607220
73c94 (base 14) to base 10
279626
What is 20222220022 (base 3) in base 12?
67838
What is 473a9 (base 11) in base 13?
25169
Convert 333413 (base 6) to base 10.
28017
211200001221 (base 3) to base 7
3535606
17c370 (base 16) to base 3
2221010022000
Convert 23002123 (base 5) to base 8.
615225
-301545 (base 6) to base 3
-1012120202
What is 73099 (base 15) in base 12?
157030
Convert -127501 (base 13) to base 4.
-1230203200
3623110 (base 7) to base 11
2943a8
Convert -1021122222201 (base 3) to base 10.
-682336
What is -b514b (base 12) in base 9?
-401015
Convert -1ab28 (base 16) to base 4.
-122230220
Convert 1a520b0 (base 13) to base 9.
17310382
What is -42230334 (base 5) in base 3?
-122212210220
Convert 35b91 (base 15) to base 3.
22201001201
Convert -18b70 (base 15) to base 9.
-132016
Convert -32030120312 (base 4) to base 9.
-7000825
What is 1240456 (base 7) in base 8?
472520
What is -52282b (base 12) in base 7?
-13652510
What is 2775437 (base 8) in base 16?
bfb1f
Convert -267b05 (base 12) to base 7.
-5255354
2131432343 (base 5) to base 16
459abe
1111011100101101000000 (base 2) to base 16
3dcb40
Convert 24a894 (base 11) to base 2.
1100000011100100111
What is 4144003 (base 7) in base 14?
cd8aa
-55826 (base 14) to base 13
-73530
22334023 (base 5) to base 13
6c90c
-203113231 (base 4) to base 9
-240654
7404a (base 11) to base 2
11010010101011001
10100110011111001010 (base 2) to base 6
22341030
Convert 213321220232 (base 4) to base 3.
201200102000002
What is -281a86 (base 11) in base 2?
-1101011111000001001
What is 1427405 (base 9) in base 7?
6453050
167170 (base 8) to base 3
10002202001
Convert 1120445 (base 6) to base 5.
3312242
230221225 (base 7) to base 10
14039107
What is 7775067 (base 10) in base 9?
15560343
Convert -2021122110211 (base 3) to base 10.
-1213402
-108526b (base 14) to base 3
-112202212122102
What is 1102420 (base 10) in base 5?
240234140
-2003331103 (base 4) to base 7
-4410541
-4013501 (base 6) to base 12
-91291
Convert 3b3194 (base 15) to base 8.
12665461
What is 832441 (base 10) in base 12?
3418a1
Convert bdd7 (base 15) to base 6.
510204
-24413441 (base 5) to base 16
-38bb3
What is -10078a9 (base 11) in base 2?
-110110011000011001101
10170247 (base 8) to base 15
2c9974
-11010001111111011110 (base 2) to base 15
-11ecbb
Convert 76379 (base 13) to base 4.
310023110
What is -66059 (base 13) in base 12?
-8aa12
-124440000 (base 5) to base 11
-397114
What is -1153102 (base 6) in base 3?
-10010111102
Convert 2a1382 (base 13) to base 5.
230443011
Convert 4425623 (base 7) to base 8.
2047614
What is -279006 (base 14) in base 6?
-45203102
Convert -6162820 (base